{"id":720,"date":"2023-05-18T15:56:00","date_gmt":"2023-05-18T19:56:00","guid":{"rendered":"https:\/\/esud2023.ufms.br\/?page_id=720"},"modified":"2023-10-15T01:19:18","modified_gmt":"2023-10-15T05:19:18","slug":"trabalhos","status":"publish","type":"page","link":"https:\/\/esud2023.ufms.br\/?page_id=720","title":{"rendered":"Trabalhos"},"content":{"rendered":"\t\t<div data-elementor-type=\"wp-page\" data-elementor-id=\"720\" class=\"elementor elementor-720\">\n\t\t\t\t\t\t\t<div class=\"elementor-element elementor-element-bdfa5d4 e-con-boxed e-flex e-con\" data-id=\"bdfa5d4\" data-element_type=\"container\" data-settings=\"{&quot;content_width&quot;:&quot;boxed&quot;}\">\n\t\t\t\t\t<div class=\"e-con-inner\">\n\t\t\t\t<div class=\"elementor-element elementor-element-006f2ea elementor-widget elementor-widget-heading\" data-id=\"006f2ea\" data-element_type=\"widget\" data-widget_type=\"heading.default\">\n\t\t\t\t<div class=\"elementor-widget-container\">\n\t\t\t<style>\/*! elementor - v3.11.5 - 14-03-2023 *\/\n.elementor-heading-title{padding:0;margin:0;line-height:1}.elementor-widget-heading .elementor-heading-title[class*=elementor-size-]>a{color:inherit;font-size:inherit;line-height:inherit}.elementor-widget-heading .elementor-heading-title.elementor-size-small{font-size:15px}.elementor-widget-heading .elementor-heading-title.elementor-size-medium{font-size:19px}.elementor-widget-heading .elementor-heading-title.elementor-size-large{font-size:29px}.elementor-widget-heading .elementor-heading-title.elementor-size-xl{font-size:39px}.elementor-widget-heading .elementor-heading-title.elementor-size-xxl{font-size:59px}<\/style><h2 class=\"elementor-heading-title elementor-size-default\">Apresenta\u00e7\u00e3o de Trabalhos - Orienta\u00e7\u00f5es<\/h2>\t\t<\/div>\n\t\t\t\t<\/div>\n\t\t\t\t<div class=\"elementor-element elementor-element-1f51888 elementor-widget elementor-widget-text-editor\" data-id=\"1f51888\" data-element_type=\"widget\" data-widget_type=\"text-editor.default\">\n\t\t\t\t<div class=\"elementor-widget-container\">\n\t\t\t<style>\/*! elementor - v3.11.5 - 14-03-2023 *\/\n.elementor-widget-text-editor.elementor-drop-cap-view-stacked .elementor-drop-cap{background-color:#69727d;color:#fff}.elementor-widget-text-editor.elementor-drop-cap-view-framed .elementor-drop-cap{color:#69727d;border:3px solid;background-color:transparent}.elementor-widget-text-editor:not(.elementor-drop-cap-view-default) .elementor-drop-cap{margin-top:8px}.elementor-widget-text-editor:not(.elementor-drop-cap-view-default) .elementor-drop-cap-letter{width:1em;height:1em}.elementor-widget-text-editor .elementor-drop-cap{float:left;text-align:center;line-height:1;font-size:50px}.elementor-widget-text-editor .elementor-drop-cap-letter{display:inline-block}<\/style>\t\t\t\t<p>As apresenta\u00e7\u00f5es de trabalhos acontecer\u00e3o <b>presencialmente <\/b>no per\u00edodo de <b>24 a 26 de Outubro.<\/b><\/p>\n<p>Para apresenta\u00e7\u00e3o e publica\u00e7\u00e3o do trabalho, \u00e9 necess\u00e1rio que um dos autores esteja com inscri\u00e7\u00e3o paga at\u00e9 dia 16 de outubro.<\/p>\n<p>Apenas os autores poder\u00e3o apresentar o trabalhos aprovado.<\/p>\n<p>O tempo de apresenta\u00e7\u00e3o ser\u00e1 de <b>10 minutos.&nbsp;<\/b><\/p>\n<p>Para outras informa\u00e7\u00f5es sobre os trabalhos, envie e-mail para <u>esud2023.agead@ufms.br<\/u> ou WhatsApp para <b>67 3345-7615.<\/b><\/p>\t\t\t\t\t\t<\/div>\n\t\t\t\t<\/div>\n\t\t\t\t<div class=\"elementor-element elementor-element-9ed1761 elementor-widget elementor-widget-heading\" data-id=\"9ed1761\" data-element_type=\"widget\" data-widget_type=\"heading.default\">\n\t\t\t\t<div class=\"elementor-widget-container\">\n\t\t\t<h2 class=\"elementor-heading-title elementor-size-default\">Cronograma de Apresenta\u00e7\u00e3o dos Trabalhos<\/h2>\t\t<\/div>\n\t\t\t\t<\/div>\n\t\t\t\t<div class=\"elementor-element elementor-element-f64cbc2 elementor-widget elementor-widget-text-editor\" data-id=\"f64cbc2\" data-element_type=\"widget\" data-widget_type=\"text-editor.default\">\n\t\t\t\t<div class=\"elementor-widget-container\">\n\t\t\t\t\t\t\t<p><a href=\"https:\/\/docs.google.com\/spreadsheets\/d\/e\/2PACX-1vQVwvwW-dkQFpNcSWZq8zitfg59b69fVtzG2XXW-9KguSIAA8Enm0N1JYMEVW-PncFOYMmj7jD8RaFu\/pubhtml?gid=221663072&amp;single=true\" target=\"_blank\" rel=\"noopener\">Clique aqui para conferir a lista de trabalhos aprovados e o cronograma de apresenta\u00e7\u00e3o.<\/a><\/p>\t\t\t\t\t\t<\/div>\n\t\t\t\t<\/div>\n\t\t\t\t<div class=\"elementor-element elementor-element-124d4de elementor-widget elementor-widget-heading\" data-id=\"124d4de\" data-element_type=\"widget\" data-widget_type=\"heading.default\">\n\t\t\t\t<div class=\"elementor-widget-container\">\n\t\t\t<h2 class=\"elementor-heading-title elementor-size-default\">Submiss\u00e3o de Trabalhos<\/h2>\t\t<\/div>\n\t\t\t\t<\/div>\n\t\t\t\t<div class=\"elementor-element elementor-element-9ddbf9b elementor-widget elementor-widget-text-editor\" data-id=\"9ddbf9b\" data-element_type=\"widget\" data-widget_type=\"text-editor.default\">\n\t\t\t\t<div class=\"elementor-widget-container\">\n\t\t\t\t\t\t\t<p><span style=\"font-weight: 400;\">O 20\u00ba Congresso Brasileiro de Ensino Superior a Dist\u00e2ncia e o 9\u00ba Congresso Internacional de Educa\u00e7\u00e3o Superior a Dist\u00e2ncia, tem como objetivo, promover espa\u00e7os de di\u00e1logo, coopera\u00e7\u00e3o, divulga\u00e7\u00e3o cient\u00edfica e trocas de experi\u00eancias sobre\u00a0 a Educa\u00e7\u00e3o a Dist\u00e2ncia no Brasil, tendo como foco: pol\u00edticas p\u00fablicas, gest\u00e3o, governan\u00e7a e qualidade.<\/span><\/p><p><span style=\"font-weight: 400;\">Nessa perspectiva, o ESUD|CIESUD 2023 abre espa\u00e7o para apresenta\u00e7\u00e3o e publica\u00e7\u00e3o de artigos cient\u00edficos e relatos de experi\u00eancias em cinco trilhas tem\u00e1ticas.<\/span><\/p>\t\t\t\t\t\t<\/div>\n\t\t\t\t<\/div>\n\t\t\t\t<div class=\"elementor-element elementor-element-42fdc5a elementor-widget elementor-widget-heading\" data-id=\"42fdc5a\" data-element_type=\"widget\" data-widget_type=\"heading.default\">\n\t\t\t\t<div class=\"elementor-widget-container\">\n\t\t\t<h2 class=\"elementor-heading-title elementor-size-default\">Trilhas tem\u00e1ticas<\/h2>\t\t<\/div>\n\t\t\t\t<\/div>\n\t\t\t\t<div class=\"elementor-element elementor-element-6878685 elementor-widget elementor-widget-text-editor\" data-id=\"6878685\" data-element_type=\"widget\" data-widget_type=\"text-editor.default\">\n\t\t\t\t<div class=\"elementor-widget-container\">\n\t\t\t\t\t\t\t<h4><b>Trilha Tem\u00e1tica I &#8211; Pol\u00edticas P\u00fablicas, regulamenta\u00e7\u00e3o e institucionaliza\u00e7\u00e3o<\/b><\/h4><p><b>Editora respons\u00e1vel: <\/b><span style=\"font-weight: 400;\">Daniela da Costa Britto Pereira Lima (UFG)<\/span><\/p><p><b>Escopo:<\/b><span style=\"font-weight: 400;\"> Pol\u00edticas p\u00fablicas para educa\u00e7\u00e3o a dist\u00e2ncia. Regulamenta\u00e7\u00e3o da educa\u00e7\u00e3o a dist\u00e2ncia. Institucionaliza\u00e7\u00e3o da educa\u00e7\u00e3o a dist\u00e2ncia. Financiamento da educa\u00e7\u00e3o a dist\u00e2ncia. Educa\u00e7\u00e3o Aberta. Educa\u00e7\u00e3o flex\u00edvel. Educa\u00e7\u00e3o h\u00edbrida. Inclus\u00e3o e acessibilidade. Par\u00e2metros de qualidade na EaD. Inova\u00e7\u00e3o.\u00a0<\/span><\/p><h4><b style=\"text-align: var(--text-align);\">Trilha Tem\u00e1tica II &#8211; Gest\u00e3o e governan\u00e7a<\/b><\/h4><p><b>Editora respons\u00e1vel: <\/b><span style=\"font-weight: 400;\">Yasmin Gomes Casagranda (UFMS)<\/span><\/p><p><b>Escopo:<\/b><span style=\"font-weight: 400;\"> Modelos e processos de gest\u00e3o institucional, tecnol\u00f3gica, financeira, acad\u00eamica e pedag\u00f3gica para educa\u00e7\u00e3o a dist\u00e2ncia. Gest\u00e3o de pessoas. Ferramentas de gest\u00e3o de processos e projetos. Governan\u00e7a em educa\u00e7\u00e3o a dist\u00e2ncia. Processos formativos de equipes. Capta\u00e7\u00e3o de estudantes. Acompanhamento e controle de evas\u00e3o e reten\u00e7\u00e3o de estudantes. Acompanhamento de egressos.<\/span><b style=\"text-align: var(--text-align);\">\u00a0<\/b><\/p><h4><b style=\"text-align: var(--text-align);\">Trilha Tem\u00e1tica III &#8211; Modelos pedag\u00f3gicos e metodologias<\/b><\/h4><p><b>Editora respons\u00e1vel: <\/b><span style=\"font-weight: 400;\">Anal\u00edgia Miranda da Silva (UFMS)<\/span><\/p><p><b>Escopo:<\/b><span style=\"font-weight: 400;\"> Modelos pedag\u00f3gicos. Programas e cursos de gradua\u00e7\u00e3o e p\u00f3s-gradua\u00e7\u00e3o. Doc\u00eancia. Coordena\u00e7\u00e3o de Tutoria. Tutoria e media\u00e7\u00e3o da aprendizagem online. Polos de apoio presenciais. Tutoria presencial. Inova\u00e7\u00e3o pedag\u00f3gica. Curriculariza\u00e7\u00e3o da extens\u00e3o. Est\u00e1gios obrigat\u00f3rios e disciplinas de pr\u00e1ticas nas licenciaturas. Moocs. Design pedag\u00f3gico.<\/span><\/p><h4><b>Trilha Tem\u00e1tica IV &#8211; Tecnologias digitais\u00a0<\/b><\/h4><p><b>Editora respons\u00e1vel: <\/b><span style=\"font-weight: 400;\">Graziela Santos de Ara\u00fajo (UFMS)<\/span><\/p><p><b>Escopo:<\/b><span style=\"font-weight: 400;\"> Tecnologias digitais em diferentes modelos pedag\u00f3gicos. Ambientes virtuais de aprendizagem. Jogos digitais. Laborat\u00f3rios virtuais. Infraestrutura de tecnologia. Intelig\u00eancia artificial. Realidade virtual. Tecnologias assistivas e acessibilidade. Inova\u00e7\u00e3o tecnol\u00f3gica. Tecnologias adaptativas. Forma\u00e7\u00e3o continuada para uso de tecnologias digitais. Compet\u00eancias digitais.\u00a0<\/span><\/p><h4><b>Trilha Tem\u00e1tica V &#8211; Materiais did\u00e1ticos<\/b><\/h4><p><b>Editora respons\u00e1vel: <\/b><span style=\"font-weight: 400;\">Nat\u00e1lia Cristina de Oliveira (UFMS)<\/span><\/p><p><b>Escopo:<\/b><span style=\"font-weight: 400;\"> Planejamento, produ\u00e7\u00e3o, adapta\u00e7\u00e3o e valida\u00e7\u00e3o de materiais did\u00e1ticos em diferentes m\u00eddias. Curadoria de materiais did\u00e1ticos. Recursos Educacionais Abertos. Direitos autorais. Licen\u00e7as de uso de materiais did\u00e1ticos. Reposit\u00f3rios institucionais. Design instrucional. <\/span><\/p>\t\t\t\t\t\t<\/div>\n\t\t\t\t<\/div>\n\t\t\t\t\t<\/div>\n\t\t\t\t<\/div>\n\t\t<div class=\"elementor-element elementor-element-e5db5f1 e-con-boxed e-flex e-con\" data-id=\"e5db5f1\" data-element_type=\"container\" data-settings=\"{&quot;content_width&quot;:&quot;boxed&quot;}\">\n\t\t\t\t\t<div class=\"e-con-inner\">\n\t\t\t\t<div class=\"elementor-element elementor-element-cf12dbb elementor-widget elementor-widget-heading\" data-id=\"cf12dbb\" data-element_type=\"widget\" data-widget_type=\"heading.default\">\n\t\t\t\t<div class=\"elementor-widget-container\">\n\t\t\t<h2 class=\"elementor-heading-title elementor-size-default\">Diretrizes para autores<\/h2>\t\t<\/div>\n\t\t\t\t<\/div>\n\t\t\t\t<div class=\"elementor-element elementor-element-f078195 elementor-widget elementor-widget-text-editor\" data-id=\"f078195\" data-element_type=\"widget\" data-widget_type=\"text-editor.default\">\n\t\t\t\t<div class=\"elementor-widget-container\">\n\t\t\t\t\t\t\t<p><a href=\"https:\/\/submissao-esud2023.ufms.br\/home\/about\/submissions\" target=\"_blank\" rel=\"noopener\">Acesse aqui as Diretrizes para autores.<\/a><\/p>\t\t\t\t\t\t<\/div>\n\t\t\t\t<\/div>\n\t\t\t\t\t<\/div>\n\t\t\t\t<\/div>\n\t\t<div class=\"elementor-element elementor-element-2eda743 e-con-boxed e-flex e-con\" data-id=\"2eda743\" data-element_type=\"container\" data-settings=\"{&quot;content_width&quot;:&quot;boxed&quot;}\">\n\t\t\t\t\t<div class=\"e-con-inner\">\n\t\t\t\t<div class=\"elementor-element elementor-element-f234e80 elementor-widget elementor-widget-heading\" data-id=\"f234e80\" data-element_type=\"widget\" data-widget_type=\"heading.default\">\n\t\t\t\t<div class=\"elementor-widget-container\">\n\t\t\t<h2 class=\"elementor-heading-title elementor-size-default\">Cronograma<\/h2>\t\t<\/div>\n\t\t\t\t<\/div>\n\t\t\t\t<div class=\"elementor-element elementor-element-479bf38 elementor-widget elementor-widget-text-editor\" data-id=\"479bf38\" data-element_type=\"widget\" data-widget_type=\"text-editor.default\">\n\t\t\t\t<div class=\"elementor-widget-container\">\n\t\t\t\t\t\t\t<p><span style=\"font-weight: 400;\"><strong>Per\u00edodo de submiss\u00e3o:<\/strong> 01\/06 at\u00e9 <s>08\/07\/2023 &#8211; 31\/07\/2023 &#8211; 15\/08\/2023<\/s>&nbsp;<\/span><span style=\"color: #ff0000;\"><b>29\/08\/2023 (novo)<\/b><\/span><\/p>\n<p><span style=\"font-weight: 400;\"><strong>Avalia\u00e7\u00e3o de trabalhos:<\/strong> <s>08\/07 at\u00e9 08\/08\/2023<\/s>&nbsp;<span style=\"color: #ff0000;\">Fluxo cont\u00ednuo<\/span><\/span><\/p>\n<p><span style=\"font-weight: 400;\"><strong>Divulga\u00e7\u00e3o dos trabalhos aprovados:<\/strong> <s>01\/09\/2023<\/s>&nbsp;<span style=\"color: #ff0000;\">Fluxo cont\u00ednuo para os autores e co-autores no sistema de submiss\u00e3o <\/span><\/span><\/p>\n<p><span style=\"font-weight: 400;\"><s><strong>Envio da vers\u00e3o final dos trabalhos aprovados:<\/strong> 15\/09\/2023&nbsp;<\/s><\/span><\/p>\n<p><span style=\"font-weight: 400;\"><strong>Envio do slide de apresenta\u00e7\u00e3o dos trabalhos aprovados:<\/strong> 10\/10\/2023<\/span><\/p>\n<p><span style=\"font-weight: 400;\"><strong><s>Divulga\u00e7\u00e3o da listagem final dos trabalhos aprovados para apresenta\u00e7\u00e3o: <\/s><\/strong><s>25\/09\/2023<\/s><\/span><\/p>\n<p><span style=\"color: #ff0000;\">Publica\u00e7\u00e3o da lista de trabalhos aprovados&nbsp;<strong>no site<\/strong>: 15\/10\/2023 (<strong>previs\u00e3o<\/strong>)<\/span><\/p>\t\t\t\t\t\t<\/div>\n\t\t\t\t<\/div>\n\t\t\t\t\t<\/div>\n\t\t\t\t<\/div>\n\t\t<div class=\"elementor-element elementor-element-2d128a7 e-con-boxed e-flex e-con\" data-id=\"2d128a7\" data-element_type=\"container\" data-settings=\"{&quot;content_width&quot;:&quot;boxed&quot;}\">\n\t\t\t\t\t<div class=\"e-con-inner\">\n\t\t\t\t<div class=\"elementor-element elementor-element-476fca7 elementor-widget elementor-widget-heading\" data-id=\"476fca7\" data-element_type=\"widget\" data-widget_type=\"heading.default\">\n\t\t\t\t<div class=\"elementor-widget-container\">\n\t\t\t<h2 class=\"elementor-heading-title elementor-size-default\">Sistema de submiss\u00e3o <\/h2>\t\t<\/div>\n\t\t\t\t<\/div>\n\t\t\t\t<div class=\"elementor-element elementor-element-bf54364 elementor-widget elementor-widget-text-editor\" data-id=\"bf54364\" data-element_type=\"widget\" data-widget_type=\"text-editor.default\">\n\t\t\t\t<div class=\"elementor-widget-container\">\n\t\t\t\t\t\t\t<p><a href=\"https:\/\/submissao-esud2023.ufms.br\/\" target=\"_blank\" rel=\"noopener\">Fa\u00e7a seu cadastro como Leitor e Autor no Sistema de Submiss\u00e3o de Trabalhos.&nbsp;<\/a><\/p>\n<p>Se voc\u00ea tiver interesse em ser parecerista <em>ad hoc<\/em>, inclua a op\u00e7\u00e3o &#8220;Avaliador&#8221; no seu cadastro. Para ser avaliador \u00e9 necess\u00e1rio possuir o t\u00edtulo de Mestrado ou Doutorado.<\/p>\n<p>Aten\u00e7\u00e3o: a autentica\u00e7\u00e3o com <a href=\"https:\/\/orcid.org\/my-orcid\" target=\"_blank\" rel=\"noopener\">ORCID<\/a> \u00e9 obrigat\u00f3ria para autores e avaliadores.&nbsp;<\/p>\t\t\t\t\t\t<\/div>\n\t\t\t\t<\/div>\n\t\t\t\t\t<\/div>\n\t\t\t\t<\/div>\n\t\t\t\t\t\t\t<\/div>\n\t\t","protected":false},"excerpt":{"rendered":"<p>Apresenta\u00e7\u00e3o de Trabalhos &#8211; Orienta\u00e7\u00f5es As apresenta\u00e7\u00f5es de trabalhos acontecer\u00e3o presencialmente no per\u00edodo de 24 a 26 de Outubro. Para apresenta\u00e7\u00e3o e publica\u00e7\u00e3o do trabalho, \u00e9 necess\u00e1rio que um dos autores esteja com inscri\u00e7\u00e3o paga at\u00e9 dia 16 de outubro. Apenas os autores poder\u00e3o apresentar o trabalhos aprovado. O tempo de apresenta\u00e7\u00e3o ser\u00e1 de 10 minutos.&nbsp; Para outras informa\u00e7\u00f5es sobre&#8230;<\/p>\n","protected":false},"author":2,"featured_media":0,"parent":0,"menu_order":0,"comment_status":"closed","ping_status":"closed","template":"","meta":{"_eb_attr":"","footnotes":""},"class_list":["post-720","page","type-page","status-publish","hentry"],"_links":{"self":[{"href":"https:\/\/esud2023.ufms.br\/index.php?rest_route=\/wp\/v2\/pages\/720","targetHints":{"allow":["GET"]}}],"collection":[{"href":"https:\/\/esud2023.ufms.br\/index.php?rest_route=\/wp\/v2\/pages"}],"about":[{"href":"https:\/\/esud2023.ufms.br\/index.php?rest_route=\/wp\/v2\/types\/page"}],"author":[{"embeddable":true,"href":"https:\/\/esud2023.ufms.br\/index.php?rest_route=\/wp\/v2\/users\/2"}],"replies":[{"embeddable":true,"href":"https:\/\/esud2023.ufms.br\/index.php?rest_route=%2Fwp%2Fv2%2Fcomments&post=720"}],"version-history":[{"count":5,"href":"https:\/\/esud2023.ufms.br\/index.php?rest_route=\/wp\/v2\/pages\/720\/revisions"}],"predecessor-version":[{"id":1360,"href":"https:\/\/esud2023.ufms.br\/index.php?rest_route=\/wp\/v2\/pages\/720\/revisions\/1360"}],"wp:attachment":[{"href":"https:\/\/esud2023.ufms.br\/index.php?rest_route=%2Fwp%2Fv2%2Fmedia&parent=720"}],"curies":[{"name":"wp","href":"https:\/\/api.w.org\/{rel}","templated":true}]}}